 - 18. Let k be -2*(3*-1)/6. Let g be s(k). Let i(d) = -d**3 + 6*d**2 - 4*d + 5. Give i(g).
10
Let v(b) = -b**3 + 3*b**2 + 10*b - 17. Let m(h) = -881*h + 887. Let r be m(1). What is v(r)?
-65
Let x(r) = r**2 - 14*r - 18. Let z = 687 - 299. Let s = -373 + z. Give x(s).
-3
Let s be (-20)/75*855/(-38). Let p(f) = 7*f - 38. Calculate p(s).
4
Suppose d - 8 = 0, 3*g - 6*g - 2*d = 5. Let s(l) be the first derivative of l**3/3 + 9*l**2/2 - 8*l + 2. Give s(g).
-22
Suppose -2*j + 162 = 2*r, -16*r - 3*j - 237 = -19*r. Suppose r*h - 18 = 77*h. Let u(d) = d**3 - 4*d**2 - 7*d + 2. Calculate u(h).
32
Let g(n) = 2*n**2 + n - 13. Let u = 9478 + -9478. What is g(u)?
-13
Let f(m) = 314*m**2 + 0*m**3 - m**3 + 0*m**3 - m - 324*m**2 - 6*m + 11. Determine f(-9).
-7
Suppose -l = -3, -3*l + l = -j - 59. Let p = 46 + j. Let y(q) = -2*q + 1. What is y(p)?
15
Suppose -33*r + 36*r = 72. Let l(y) = r - 32 + 21 + 2*y. Give l(-6).
1
Let t(o) = o**2 + 2. Let g(f) = 2*f**3 - 24*f**2 - 8*f - 16. Let l be g(13). Let k = -221 + l. Calculate t(k).
11
Let k be ((-198)/(-6))/3 + 2*-1. Let r be ((-3)/((-27)/(-12)))/((-6)/k). Let d(g) = -g + 7. Let p(z) = 1. Let w(j) = d(j) - 6*p(j). Calculate w(r).
-1
Let m(b) be the second derivative of 0 - 31*b - 4/3*b**3 + 0*b**2. Determine m(5).
-40
Let f be 1/(-3) + (-483)/(-207). Let o(h) = h**3 - 2*h**2 + h. Let w(x) = 5*x**3 - 9*x**2 + 5*x. Let u(l) = -9*o(l) + 2*w(l). Determine u(f).
10
Let z(o) be the second derivative of -o**3/6 - 14*o**2 - 2*o. Suppose 211*f + 1782 = 288*f - 176*f. Give z(f).
-10
Let i be (-12 + 2)*3/(-5). Let y(k) = -3*k + 13. Let z be y(i). Let s(v) = -v**3 - 5*v**2 - 5*v - 6. Calculate s(z).
19
Let c(f) = 18*f**2 + 223*f + 66. Let y be c(-12). Let i(v) = -v**3 - 17*v**2 + 25*v + 125. Determine i(y).
-1
Let r be 4509/405 - 12/90. Let t(q) = -3*q**2 + 32*q - 24. Determine t(r).
-35
Suppose 21 + 22 = 4*h + r, -2*h - 2*r + 20 = 0. Let b(s) = 4 + h - 14 + 3 + 13 + s. Determine b(-15).
2
Let q(k) = -3*k**3 + 7*k**2 + 3*k + 9. Let n(u) = -4*u**3 + 7*u**2 + 3*u + 9. Let o(s) = 4*n(s) - 5*q(s). Suppose 30*f - 356 = -566. Give o(f).
12
Let k(i) = -4*i**2 + 17*i**2 + 85 + 26 - 38*i - 12*i**2. Let h be k(35). Let n(z) = z**3 - 6*z**2 - 2. What is n(h)?
-2
Let g(i) = 7*i + 2. Let u(x) = -15*x - 5. Let a(t) = 9*g(t) + 4*u(t). Suppose 0 = -c + 2*b + 27, 155*b = 4*c + 150*b - 75. Give a(c).
13
Suppose 2*f + 0*s = -5*s + 29, 2*f + 16 = 4*s. Let z(x) = -365*x**3 - 5*x - 3*x**f + 184*x**3 + 182*x**3 - 4 - 2*x**2. Calculate z(6).
2
Let p(u) = -u**2 + 2*u + 7. Suppose 4*l = -5*a + 16, -a + 5*a = 16. Let q be 3/3 + 5 + l. What is p(q)?
-8
Let x(n) = n**3 - 13*n**2 - 32*n + 32. Let k(q) = 287*q + 15. Let j be k(0). Calculate x(j).
2
Let i(o) = o**3 - 6*o**2 + 4*o. Suppose -4*k - 2*y + 7 = -1, 3*y + 8 = 4*k. Suppose 8*u + 5 = 7*u, k*a - 13 = u. Calculate i(a).
-16
Let j be (2 - 64/14) + 196/343. Let y(a) = 23*a - 2. Give y(j).
-48
Let a(z) = -6*z + 146. Let x be a(12). Let f be (2/4)/(37/x). Let k(j) = -13*j**2 + j + 1. Give k(f).
-11
Suppose -14*c = -4*k - 19*c + 40, -k = 3*c - 17. Suppose -k*x + 5*w = 10, -5*x + 6*x - 28 = -5*w. Let z(i) = 2*i + 0*i + 0 - 4. What is z(x)?
2
Let x = -7812 + 7816. Let t(c) = -3*c**2 + 15*c - 10. Determine t(x).
2
Let d = -16540 + 16548. Let b(t) = 2*t**2 - 17*t + 9. What is b(d)?
1
Let d(t) = t**2 - 7*t + 1. Let q(o) = 2*o**2 - 31*o + 74. Let w(u) = -d(u) + q(u). Determine w(6).
-35
Let t(p) = p**2 + 12*p + 24. Suppose 14*o + 68*o = -902. What is t(o)?
13
Let l(h) = h**3 - 4*h**2 - 20. Let c be l(5). Let o(v) = v - 2*v - 10 - 3*v + c*v - 1. Calculate o(8).
-3
Let f = -5447 - -5467. Let c(a) be the second derivative of -3/2*a**2 - 1/6*a**3 - f*a + 0. Determine c(-7).
4
Suppose 2 - 7 = 5*c. Let q(x) = -3*x - 13. Let z be q(-5). Let n(w) = -4*w**2 - 5*w**2 - 5*w**z - 5*w**2 + 1. What is n(c)?
-18
Suppose 10*u + 56 = 6*u. Let h be u/(-6) - 26/(-39). Suppose n + h*c + c - 6 = 0, -2*c - 18 = -3*n. Let s(v) = -v**3 + 6*v**2 + v + 7. Give s(n).
13
Let i(r) = 17*r + 76. Let z be i(-5). Let g(q) = q**2 + 12*q + 11. What is g(z)?
-16
Suppose 312*o = 319*o - 77. Let g(m) = -8 + 4 + o - 3*m. Give g(9).
-20
Let u(m) = -10*m**3 + 4*m**2 + m - 15. Let y(a) = -11*a**3 + 5*a**2 + 2*a - 17. Let t(w) = 6*u(w) - 5*y(w). What is t(-2)?
39
Let h be 18/(-3) - -53 - 3. Let v be h/(-8) + 3/(-6). Let z(k) = 3 + 3*k + 0 + 5 - 4. Determine z(v).
-14
Let f(n) = n**3 - 6*n**2 - 13*n + 23. Let u be ((-2 + 0)/(-4))/((-4)/(-7 - 49)). Determine f(u).
-19
Suppose 0 = -5*w - 5*l - 195, 28 = -2*w - 5*l - 38. Let s(v) = v**3 + 42*v**2 - 43*v - 7. Calculate s(w).
-7
Let j(u) = 2*u**2 - 19*u - 20. Let d be j(11). Let o(p) = -p**2 + 12*p + 8. Let i(a) = -a**2 + 12*a + 7. Let v(f) = 5*i(f) - 4*o(f). Give v(d).
-10
Let o be (3/33 - (-240)/22)/(-1). Let z(x) = -5*x - 25. Determine z(o).
30
Let w(v) = -v**2 + 22*v - 89. Suppose 40 = 3*o + 5*y - 10, 0 = 3*o - 2*y - 43. Determine w(o).
16
Let l(z) = -z**2 + 25*z + 62. Let r be l(27). Suppose 13*s - r*s = 80. Let j be (-69)/12 - 2/(s/2). Let p(w) = w**3 + 5*w**2 - 5*w + 6. What is p(j)?
0
Let r(g) = 11*g**2 - 12*g**2 + 3 - 19*g**2 + g**2 + 2 + 5*g. Determine r(-1).
-19
Let b(z) = z - 7 - 2*z + 0*z - 9. Let o = 609 - 633. Let q be b(o). Let v(c) = -c**2 + 9*c - 3. Calculate v(q).
5
Let o = 31459 + -31458. Let r be (-6)/(((-18)/4)/3). Let l(w) = 4*w - 4 + r. Determine l(o).
4
Let b(z) = 158*z**3 - z**2 - z. Suppose 32 = -4*l, -61*l = 5*f - 58*l + 29. Give b(f).
-158
Let g(y) be the second derivative of y**5/20 - 2*y**4/3 + y**3 + 17*y**2/2 - 4718*y. Give g(8).
65
Let i be (920/(-322))/((-2)/(-7)). Let m(z) = -14*z - 135. Determine m(i).
5
Let b be -19*(-8)/(-304)*0. Let a(y) = -y**3 - 7*y**2 - 6*y - 11. Let l(v) = v**3 + 6*v**2 + 5*v + 12. Let n(s) = -6*a(s) - 7*l(s). What is n(b)?
-18
Let s(u) = -3*u + 4. Let w(q) = -q**2 - 3*q + 4. Let d(b) = 4*s(b) - 5*w(b). Let i(v) = -2*v**3 - 11*v**2 - 15*v - 3. Let n be i(-3). Determine d(n).
32
Let g be (-57)/12 + -4 + 45/12. Let y(k) be the third derivative of k**6/120 + k**5/12 - k**4/24 - k**3/6 + 28*k**2. Give y(g).
4
Suppose 44*d - 172*d + 1152 = 0. Let j(l) = 6*l - 44. Determine j(d).
10
Let v(w) = -6*w**2 + 14*w**2 + 6*w + 4 - 9*w**2 + 0*w. Let n(g) = -17*g - 163. Let u be n(-10). What is v(u)?
-3
Let c(q) = q + 24. Let b = 310 + -310. Suppose -r = 3*h, 3*r - 2*h - h + 60 = b. Determine c(r).
9
Let z(m) = -3*m - 11. Let i(v) = -4*v - 22. Let h(c) = 5*i(c) - 9*z(c). Give h(-7).
-60
Let n(j) = -j**2 + 5*j. Let k(w) = -5*w**2 + 21*w. Let z(c) = -2*k(c) + 9*n(c). Let r(p) = -3*p**2 + 25*p + 15. Let o be r(9). Give z(o).
0
Let a(c) be the first derivative of 1/4*c**4 + 14/3*c**3 + 30*c + 180 + 15/2*c**2. Give a(-13).
4
Let g(y) = y**3 + 16*y**2 - 19*y - 30. Let p be (156/(-468))/(2/102). What is g(p)?
4
Let k(v) = -35*v - 10. Let f(r) = 39*r + 11. Let y(z) = -9*f(z) - 10*k(z). Determine y(15).
-14
Let n(f) = -4*f. Let v be (1 - -7)*1443/(-3848). Determine n(v).
12
Let h(w) = -4*w - 12. Let y be (-25)/(-15)*1*3. Suppose -8 + y = g. Let u be h(g). Let i(t) = -t**3 + t**2 + t - 22. Calculate i(u).
-22
Let u(q) = -203*q + 5057. Let k be u(25). Let v(g) = 22*g + 393. Calculate v(k).
-3
Let q(c) = 5*c**3 - 3 + 3*c - 2*c**2 + c + 1 - c. Suppose 5 = -r - 2*n, 17 = 10*r - 8*r - 5*n. Calculate q(r).
4
Let d be (-28)/5 - (48/(-80) + 1). Suppose 3*y + 1 = 4*y. Let m(j) = -1 - 2*j - 3 + y. What is m(d)?
9
Let b(x) = -x**2 + 19*x - 57. Let v be b(15). Let r(d) = -530 + 1056 - v*d + 3*d**2 - 524. Let z = -2 - -4. Give r(z).
8
Suppose u = 16 - 15, -4*a + 3*u + 845 = 0. Let w = a - 210. Let t(l) = -l**2 + l - 2. What is t(w)?
-4
Let h be ((-498)/5)/((-13)/(-5) + -3). Let r(v) = -4 + 498*v - 250*v - h*v. What is r(5)?
-9
Let q(v) = 29*v + 2. Let a(m) = -34*m - 5. Let z(w) = -3*a(w) - 4*q(w). Calculate z(5).
-63
Let c(k) = 9*k**2 - 14*k + 1. Let y(l) = -2*l**2 + 3*l. Let p(z) = 2*c(z) + 11*y(z). What is p(-1)?
-7
Let k(a) = -9 + 53 + 3*a**2 + a - 44 + a**3. Let j(h) = -3*h**2 + 43*h - 16. Let y be j(14). Give k(y).
2
Suppose -2*t = -x + t - 12, -4*x + 3*t - 21 = 0. Let p(c) be the second derivative of -1/6*c**4 + 0 - 2/3*c**3 - c**2 - 15*c. Give p(x).
-8
Let p(z) = 4 + 2*z + 0*z - 3*z. Let j be -1 + (-4)/(-2) - (-29 - -29). Let s(f) = 7*f**3 - f**2 - 2*f + 3. Let a be s(j). Calcu